577. Is z a multiple of 18?
False
Let d(v) = 3*v**2 + 175. Suppose 3*t + 3*q = 0, 2*q = t + 7*q. Does 11 divide d(t)?
False
Let z be (12/(-5) - -3)*5. Let c be 10/30 + (-31)/z. Is (-776)/c + (-4)/(-10) a multiple of 26?
True
Let u = -242 + 374. Suppose -u = -n - 52. Is n a multiple of 10?
True
Suppose 2*v + 3*g = 0, 5*v - 3*g = -2*g. Suppose -b - 4*p + 0*p + 12 = 0, -3*b + 5*p + 87 = v. Does 12 divide b?
True
Let m(w) = -4*w**2 - 5*w + 10. Let t(b) = 7*b**2 + 9*b - 19. Let p(u) = -11*m(u) - 6*t(u). Let a be p(-3). Suppose -5 + a = c. Is c a multiple of 5?
False
Let d = 1 - -105. Let i = d + -90. Is i a multiple of 4?
True
Let x be (-2 - -6)*(1 - 2). Let z be ((-3)/3)/(x/(-116)). Let y = z - -65. Is y a multiple of 12?
True
Let w be (-3)/18 + (-522)/108. Let f = -10 + 50. Let s = f - w. Does 15 divide s?
True
Let q = -35 + 40. Let o be ((-6)/q)/(8/(-20)). Suppose 3*m + 3*s - 15 = 333, 116 = m + o*s. Is 29 a factor of m?
True
Suppose 0 = 3*u - 3*c + 534, -u + 3*c + 540 = -4*u. Let a = -83 - u. Is 8 a factor of a?
True
Let a = -420 - -433. Is a even?
False
Is (-12)/(-6)*(-2)/(-4)*36 even?
True
Suppose m + 4*m - 5 = 0, 4*m = 2*d - 106. Does 25 divide d?
False
Let v(h) = h + 1. Let f be v(-1). Suppose 5*q - q - 24 = f. Suppose q*i - 3*i = 156. Does 13 divide i?
True
Suppose -4*g + 978 = -2550. Does 61 divide g?
False
Suppose -3*v + 356 = -2*v - u, -u - 1076 = -3*v. Suppose 0*k + k - 474 = -5*y, 0 = -4*y + 4*k + v. Does 5 divide y?
False
Suppose -14*f + 67425 = 15*f. Is 75 a factor of f?
True
Let y be (-6)/(-9)*(-4 - 5). Let w = y - -29. Let j = -11 + w. Does 12 divide j?
True
Suppose 2*x = o - 134, 24*x - 19*x - 670 = -5*o. Is 2 a factor of o?
True
Does 84 divide 76/(-16)*(-428)/1?
False
Let i(g) = 1084*g - 107. Does 14 divide i(4)?
False
Suppose 5*s - 25 = g, 7 = -4*g + 2*s - 3. Suppose -3*b + 32 + 67 = g. Is 17 a factor of b?
False
Suppose 2*r - 3*r = -24. Does 26 divide 185*(r/(-20))/(-3)?
False
Suppose 3*v - 5*i = 4 + 5, -4*v = -5*i - 7. Let r(a) = a**3 - 8*a**2 + 7*a - 8. Let w be r(7). Is 15 a factor of 14/v*(2 + w)?
False
Let d(q) = q**2 + q - 5. Let g(x) = -x**2 - 20*x - 9. Let u be g(-19). Is 11 a factor of d(u)?
False
Suppose -6*p + 8846 = -2*q, 4*p - 2*q - 2*q - 5892 = 0. Is p a multiple of 59?
True
Suppose -12 + 18 = 2*j. Suppose -v + 2*z + 9 = 0, -4*z - 24 = -v - j*v. Is v a multiple of 3?
True
Suppose 4*d - 355 = h, d - 4*h - 85 = -15. Is d a multiple of 18?
True
Let n = 73 - 71. Suppose -n*d + 15 = -65. Is 13 a factor of d?
False
Let b(y) = -y**2 - 8*y - 2. Let v be b(-7). Suppose -54 = -v*s + 71. Is s a multiple of 23?
False
Let m(d) = 17*d - 11. Let g be m(5). Does 19 divide 1 + -4 + g - -1?
False
Let o(v) = -v**2 - 8*v. Let b be o(-8). Suppose 4*t = -b*t. Suppose t*h - 75 = -3*h. Does 10 divide h?
False
Let k = -48 + 51. Suppose 2*f = -2*f + 8. Suppose -k*u + 2*y = -13, -6*u + 2*u + f*y = -18. Does 4 divide u?
False
Suppose -47*p - 296 = -49*p. Is p a multiple of 35?
False
Let p be ((-68)/(-12) + -5)*(2 - -7). Is (68/20 + -7)/(p/(-160)) a multiple of 16?
True
Suppose 6*g - 3*v = 2*g + 159, 5*g - 196 = v. Is 3 a factor of g?
True
Is -1 - ((-334)/3)/(30/90) a multiple of 21?
False
Suppose 203 = -12*p - 205. Does 7 divide (p/6 - -1)*-30?
True
Suppose 0*b + 6 = -b - 5*t, 0 = -4*b - 3*t + 10. Let x = 44 - b. Is 8 a factor of x?
True
Suppose 360 = -8*l + 14*l. Does 5 divide l?
True
Let c(i) = -68*i**2 + 3*i + 2. Let u be c(-1). Let o = 108 + u. Is 7 a factor of o?
False
Let j(z) be the first derivative of z**4/4 - 13*z**3/3 - 21*z**2/2 - 15*z + 24. Is j(15) a multiple of 12?
True
Suppose 4*t - 21 = t. Let n = 8 - t. Is 15 a factor of (-1)/((n/59)/(-1))?
False
Let k(v) = 2*v + 11. Let y be k(-8). Let p(j) = -5*j + 15. Is 5 a factor of p(y)?
True
Let v(i) = i**2 - 11*i - 7. Let k be v(12). Suppose -12 = -k*g + g. Suppose 33 + 12 = g*a. Is a a multiple of 9?
False
Suppose -m + 1584 = 23*m. Does 15 divide m?
False
Let o(x) = 88*x**2 - 50*x + 156. Is o(3) a multiple of 21?
True
Let i = 208 + -143. Suppose 0 = 5*o - 25 - i. Is o a multiple of 11?
False
Let j(s) = -s**3 + 8*s**2 + 8*s + 12. Let d be j(9). Suppose -d*r = 7*y - 2*y + 19, 3 = 4*r + y. Does 3 divide (6/r)/(21/154)?
False
Let n(x) = -21 - x**3 + 4 - 2*x**2 - 8*x + 12*x. Is n(-5) a multiple of 19?
True
Suppose v - 3*g + 42 = 4*v, -5*v + g = -58. Let f be 200/14*42/v. Suppose -3*j = -4*j + f. Is j a multiple of 11?
False
Let u be ((-16)/40)/(1/(-175)). Suppose 5*s = a + 175, u + 57 = 3*s - 5*a. Is s a multiple of 5?
False
Suppose 44776 = 31*j + 2864. Is j a multiple of 52?
True
Let x = -778 + 1618. Suppose 0 = -8*l - 4*l + x. Does 10 divide l?
True
Let j(w) = w**2 + w + 5. Let l be j(0). Suppose l*a - 3*z - 324 = 0, 4*a = -0*a - 5*z + 274. Suppose a + 60 = 2*n. Does 21 divide n?
True
Suppose 20 = 4*j - 0*j + 3*v, 5*v - 10 = 5*j. Suppose -306 = -4*h - j*n, -5*n + 6*n = -4*h + 311. Is 16 a factor of h?
False
Let i(o) be the second derivative of -12*o**5/5 + o**4/12 + o**3/2 + o**2 - 8*o. Is i(-1) a multiple of 24?
True
Suppose -3*k + 67 = -701. Suppose k = 3*b + 97. Is 20 a factor of b?
False
Suppose 0 = -2*g - 5*n + 260, 0*g - g - 4*n + 124 = 0. Is 35 a factor of g?
True
Suppose 8*p + 340 = 9*p. Let s = p + -210. Is 17 a factor of s?
False
Suppose 8*z - 3*z = -280. Let u = 105 + z. Is 17 a factor of u + (0 - -4) + -2?
True
Let u(o) be the first derivative of o**4/4 - 11*o**3/3 - 3*o**2 - 9*o - 2. Does 14 divide u(12)?
False
Let w be 30*((-3)/6 - -1). Is 1518/w - 1/5 a multiple of 25?
False
Let p = 636 - -68. Does 27 divide p?
False
Is 16 a factor of (-150)/(0 - (-12)/(-32))?
True
Suppose -2*c - 84 = -t + 2*c, 5*t = 4*c + 436. Let s = t + 11. Is 10 a factor of s?
False
Let w(u) = u**3 + 5*u**2 + u - 3. Let m be w(-3). Let z = -9 + m. Suppose z*j + 0*j - 207 = 0. Is j a multiple of 23?
True
Suppose -5*m - 297*b + 300*b + 5013 = 0, 0 = m - b - 1001. Does 19 divide m?
False
Let c = -44 + 119. Suppose -2*w = 2 + 4, -5*w - 279 = 3*m. Is 2 a factor of 15/c + m/(-10)?
False
Let c = -27 - -28. Suppose 3 + c = -2*b. Is 6 a factor of b/10 - 31/(-5)?
True
Suppose -10*w + 8*w = 0. Suppose 0 = 5*i - w*i - 435. Does 11 divide i?
False
Let h = -12 - -15. Suppose h*d = -0*d. Suppose d = -3*a + 2*p + 31, a = p + 16 - 5. Does 4 divide a?
False
Is 29 a factor of (-2 - -1)/((-49)/83839)?
True
Let a = 25 + -15. Suppose -a = 5*r, -10 = -2*t + r - 0*r. Suppose 4*q + t = 20. Does 4 divide q?
True
Suppose 0 = 2*b - 5*k + 11, -3*b + 16 = 4*k - 2. Suppose 0 = 2*t - 3 + 13, -3*t + 11 = b*o. Does 12 divide o?
False
Suppose -51 = 3*q + 15. Let u be 4/q + 52/44. Let b(x) = 38*x**2 + 2*x - 1. Is b(u) a multiple of 13?
True
Is 23 a factor of (1 + -21)/(-1)*74490/520?
False
Suppose -5*z - 3 = 2. Let w = z + 5. Suppose l + 5*y + 12 = y, 2*l + 4 = -w*y. Does 8 divide l?
True
Suppose 6*t + t = 2499. Is 21 a factor of t?
True
Let k(n) = n**2 + n - 1. Let g be k(9). Suppose 3*y - g = h - 2*y, 5*y - 341 = 4*h. Let x = h + 143. Is 13 a factor of x?
False
Let m = -2 - -9. Let z be -2 - -7 - (2 - 5). Suppose -m*a = -z*a + 101. Is a a multiple of 33?
False
Let a be ((-24)/16)/(((-7)/618)/7). Is 31 a factor of a/27 + (-4)/(-6)?
False
Suppose q = 5*q - m - 19, 0 = -q + m + 4. Suppose -o = -0*p + 2*p, 0 = q*o + 10. Does 27 divide p - 1 - -2*27?
True
Let v(x) = -19*x + 17. Let a be v(-16). Suppose 3*o = 5*i + 321, 3*o - a = -8*i + 3*i. Suppose s - o = -3*c + 2*s, -s - 142 = -4*c. Is 5 a factor of c?
True
Suppose 4*r - 3*x - 1434 = 0, 0 = -7*r + 10*r - 4*x - 1072. Is r a multiple of 17?
False
Let t be 8 + -5 + -1 + 13. Let x be 1/(-4) - t/4. Let u(w) = -6*w - 1. Does 7 divide u(x)?
False
Suppose -5*h = 1 - 6. Suppose h = -z + 15. Let x = 32 - z. Is 6 a factor of x?
True
Suppose 15*m = -4*w + 18*m + 83, -4*w - 4*m + 104 = 0. Does 23 divide w?
True
Suppose -3*g - 11*g = -2352. Is 8 a factor of g?
True
Let k(t) = -t - 18. Let y be k(-12). Let c = y - -6. Does 24 divide 3/(3/24 + c)?
True
Let x(c) = 68*c + 320. Is 59 a factor of x(25)?
False
Let h(t) be the third derivative of 8*t**5/15 + t**4/12 + t**2. Suppose 2*s - 8 = -4*d + 6*s, 13 = -d - 4*s. Is 19 a factor of h(d)?
False
Let v(r) = r**3 + r**2. Let a be v(-4). Let y = -32 - a. Let b = y + -4. Is b a multiple of 10?
False
Let i(s) = 5 + 5*s - 15 + 8. Let x be i(1). Suppose -3*